3 a factor of 78171?
True
Is 20272086 a multiple of 143?
False
Is 18 a factor of 18600305?
False
Is 616085 a multiple of 768?
False
Is 564340 a multiple of 290?
True
Is 17 a factor of 9322056?
False
Is 110 a factor of 109173?
False
Is 1296 a multiple of 108?
True
Is 2589182 a multiple of 491?
False
Is 376 a factor of 384648?
True
Is 56 a factor of 815083?
False
Is 206 a factor of 2088?
False
Is 57246 a multiple of 141?
True
Is 31483 a multiple of 48?
False
Is 11 a factor of 243001?
True
Does 10 divide 986411?
False
Is 21 a factor of 2723983?
False
Is 5 a factor of 10782?
False
Does 16 divide 4014976?
True
Does 8 divide 472680?
True
Is 37648611 a multiple of 2587?
True
Does 185 divide 624794?
False
Is 11 a factor of 47946?
False
Is 5196 a multiple of 11?
False
Is 26180 a multiple of 34?
True
Is 220865 a multiple of 271?
True
Is 43736 a multiple of 441?
False
Is 34541 a multiple of 99?
False
Is 66768 a multiple of 16?
True
Is 6 a factor of 42888?
True
Does 115 divide 187806?
False
Does 26 divide 291226?
True
Is 6178292 a multiple of 9?
False
Is 388 a factor of 376360?
True
Is 125 a factor of 119979?
False
Is 285279 a multiple of 15?
False
Does 726 divide 7239672?
True
Is 10463 a multiple of 6?
False
Does 20 divide 1860619?
False
Does 277 divide 727679?
True
Is 4177388 a multiple of 38?
False
Does 67 divide 469402?
True
Is 38 a factor of 50179?
False
Is 158 a factor of 265282?
True
Is 42 a factor of 28854?
True
Is 64922 a multiple of 227?
True
Is 9 a factor of 65340?
True
Does 73 divide 823951?
True
Is 50445 a multiple of 19?
True
Does 439 divide 696254?
True
Is 58 a factor of 110610?
False
Is 380046 a multiple of 16?
False
Is 62 a factor of 111476?
True
Is 1550691 a multiple of 61?
False
Is 16561559 a multiple of 133?
True
Does 178 divide 10888057?
False
Is 165835 a multiple of 5?
True
Does 31 divide 316200?
True
Is 15546 even?
True
Is 887414 a multiple of 11?
True
Is 28305 a multiple of 45?
True
Is 1551238 a multiple of 254?
False
Is 1313036 a multiple of 12?
False
Is 974208 a multiple of 129?
True
Is 75 a factor of 2834914?
False
Is 9 a factor of 37899?
True
Is 9244540 a multiple of 332?
True
Is 709363 a multiple of 18?
False
Is 2 a factor of 3843?
False
Is 30362 a multiple of 38?
True
Is 15328082 a multiple of 258?
False
Is 19 a factor of 127606?
False
Is 2887388 a multiple of 28?
True
Does 43 divide 767550?
True
Is 299496 even?
True
Does 1174 divide 6593415?
False
Does 183 divide 22692?
True
Does 8 divide 708572?
False
Does 51 divide 430280?
False
Is 115 a factor of 756585?
True
Is 58863 a multiple of 21?
True
Is 652346 a multiple of 19?
True
Is 122698 a multiple of 317?
False
Does 7 divide 290190?
False
Is 14 a factor of 11696664?
True
Is 336 a factor of 88755?
False
Is 13 a factor of 509543?
False
Does 10 divide 9225?
False
Is 241314 a multiple of 830?
False
Does 25 divide 9450?
True
Does 73 divide 356035?
False
Is 476960 a multiple of 16?
True
Does 7 divide 30875?
False
Is 8181 a multiple of 101?
True
Does 15 divide 316800?
True
Does 192 divide 15307968?
True
Is 3674066 a multiple of 583?
True
Does 349 divide 101908?
True
Is 17 a factor of 70499?
True
Does 9 divide 248940?
True
Is 93240 a multiple of 72?
True
Does 73 divide 133590?
True
Does 42 divide 59109?
False
Does 5 divide 62135?
True
Does 212 divide 422304?
True
Is 3920136 a multiple of 958?
True
Does 22 divide 5400098?
True
Is 218 a multiple of 109?
True
Is 1103742 a multiple of 441?
False
Is 293136 a multiple of 35?
False
Does 12 divide 649908?
True
Is 111920 a multiple of 223?
False
Is 712381 a multiple of 37?
False
Does 131 divide 35632?
True
Is 210816 a multiple of 16?
True
Is 50 a factor of 366174?
False
Is 927610 a multiple of 534?
False
Is 221 a factor of 626482?
False
Does 277 divide 168677?
False
Does 125 divide 725944?
False
Is 44 a factor of 241780?
True
Is 263 a factor of 1050422?
True
Is 2240 a factor of 19087040?
True
Is 6599 a multiple of 4?
False
Is 910872 a multiple of 216?
True
Is 265947 a multiple of 57?
False
Is 246552 a multiple of 343?
False
Does 136 divide 196656?
True
Is 7 a factor of 482671?
True
Does 35 divide 963342?
False
Is 11856795 a multiple of 281?
True
Is 1654523 a multiple of 60?
False
Is 1592186 a multiple of 33?
False
Does 13 divide 135770?
False
Is 553 a factor of 731000?
False
Is 17 a factor of 325465?
True
Does 207 divide 13726170?
True
Is 498232 a multiple of 196?
True
Is 212 a factor of 290864?
True
Is 398526 a multiple of 8?
False
Is 4721465 a multiple of 565?
False
Does 357 divide 48552?
True
Does 320 divide 83520?
True
Is 68 a factor of 5262966?
False
Is 195811 a multiple of 77?
True
Is 57 a factor of 3591777?
False
Is 125 a factor of 40250?
True
Does 17 divide 644654?
False
Is 53 a factor of 300510?
True
Is 126 a factor of 695713?
False
Is 2458123 a multiple of 1289?
True
Is 13923 a multiple of 17?
True
Is 461916 a multiple of 9?
True
Does 30 divide 630390?
True
Is 107 a factor of 4600312?
False
Is 22081035 a multiple of 51?
False
Does 90 divide 531450?
True
Is 49 a factor of 162092?
True
Is 176 a factor of 296208?
True
Does 106 divide 1148192?
True
Is 75675 a multiple of 5?
True
Is 667 a factor of 1177148?
False
Is 844 a factor of 2441067?
False
Is 26 a factor of 111176?
True
Is 797868 a multiple of 887?
False
Is 727464 a multiple of 24?
True
Does 45 divide 159570?
True
Does 44 divide 4988060?
True
Does 9 divide 199465?
False
Is 89 a factor of 96654?
True
Is 110856 a multiple of 298?
True
Does 6 divide 411354?
True
Is 1311993 a multiple of 35?
False
Is 395863 a multiple of 51?
False
Is 219 a factor of 309009?
True
Is 83166 even?
True
Does 25 divide 2772625?
True
Does 583 divide 3797910?
False
Is 166 a factor of 3830284?
True
Is 7 a factor of 10324?
False
Is 19556 a multiple of 4?
True
Does 461 divide 1496866?
False
Is 170506 a multiple of 266?
True
Is 350392 a multiple of 39?
False
Is 2144550 a multiple of 58?
True
Is 19 a factor of 186247?
False
Is 39436 a multiple of 6?
False
Is 16 a factor of 345540?
False
Does 46 divide 4209469?
False
Does 12 divide 489444?
True
Does 14 divide 2219182?
True
Is 1491461 a multiple of 94?
False
Is 360 a factor of 136896?
False
Is 20541576 a multiple of 12?
True
Is 31 a factor of 692664?
True
Is 11 a factor of 373486?
False
Does 20 divide 339220?
True
Is 125 a factor of 18138383?
False
Does 5 divide 9390?
True
Does 419 divide 3732024?
False
Does 26 divide 1505218?
True
Does 2 divide 444384?
True
Is 695 a factor of 6779406?
False
Is 277 a factor of 1120627?
False
Is 198756 a multiple of 220?
False
Does 14 divide 289044?
True
Does 106 divide 5832311?
False
Is 17 a factor of 626739?
True
Is 29 a factor of 2465?
True
Is 19 a factor of 8859301?
True
Is 7 a factor of 257073?
False
Does 1049 divide 1508462?
True
Is 113 a factor of 524998?
True
Does 10 divide 309580?
True
Does 6 divide 1268040?
True
Does 260 divide 3783924?
False
Is 957973 a multiple of 2?
False
Is 380 a factor of 1083197?
False
Is 2811065 a multiple of 16?
False
Does 15 divide 141495?
True
Is 840295 a multiple of 41?
True
Does 278 divide 1138410?
True
Does 12 divide 8497914?
False
Does 6 divide 163920?
True
Does 50 divide 4043763?
False
Is 38 a factor of 170842?
False
Is 1651 a factor of 3488563?
True
Is 140868 a multiple of 273?
True
Is 29 a factor of 2535412?
True
Is 270085 a multiple of 25?
False
Is 13 a factor of 16010?
False
Does 47 divide 111026?
False
Is 149 a factor of 876245?
False
Is 913 a multiple of 266?
False
Does 17 divide 503727?
True
Does 75 divide 30600?
True
Does 9 divide 206153?
False
Is 40 a factor of 1778995?
False
Is 335621 a multiple of 13?
True
Is 17766414 a multiple of 1274?
False
Is 109 a factor of 119791?
True
Is 46 a factor of 303593?
False
Is 115830 a multiple of 78?
True
Is 17677492 a multiple of 14?
True
Is 465430 a multiple of 14?
True
Is 81 a factor of 26846721?
True
Does 81 divide 675251?
False
Does 14 divide 2843918?
True
Is 7 a factor of 12030375?
True
Is 125 a factor of 150875?
True
Is 2 a factor of 913021?
False
Does 13 divide 231415?
False
Is 9 a factor of 182061?
True
Does 37 divide 600806?
True
Is 3704125 a multiple of 25?
True
Does 20 divide 8528085?
False
Is 3 a factor of 115776?
True
Is 77 a factor of 1060090?
False
Is 153 a factor of 2794392?
True
Is 40268 a multiple of 7?
False
Is 20109720 a m